What is the remainder when 1147 is divided by 191?
1
Calculate the remainder when 13060 is divided by 529.
364
Calculate the remainder when 6127 is divided by 81.
52
Calculate the remainder when 194554 is divided by 34.
6
What is the remainder when 1790567 is divided by 24?
23
What is the remainder when 6716 is divided by 374?
358
What is the remainder when 506766 is divided by 6180?
6
Calculate the remainder when 39357 is divided by 214.
195
Calculate the remainder when 21126 is divided by 3943.
1411
Calculate the remainder when 3145 is divided by 1026.
67
What is the remainder when 1587 is divided by 153?
57
Calculate the remainder when 80107 is divided by 245.
237
What is the remainder when 1262 is divided by 1253?
9
What is the remainder when 4258 is divided by 331?
286
What is the remainder when 644633 is divided by 136?
129
Calculate the remainder when 46923 is divided by 1513.
20
What is the remainder when 2771 is divided by 169?
67
Calculate the remainder when 2161 is divided by 1079.
3
What is the remainder when 164643 is divided by 49?
3
Calculate the remainder when 160035 is divided by 194.
179
Calculate the remainder when 229067 is divided by 751.
12
Calculate the remainder when 326 is divided by 6.
2
What is the remainder when 24602 is divided by 1758?
1748
What is the remainder when 260445 is divided by 12?
9
Calculate the remainder when 68712 is divided by 15.
12
Calculate the remainder when 8008 is divided by 57.
28
Calculate the remainder when 10136 is divided by 260.
256
What is the remainder when 1412 is divided by 206?
176
Calculate the remainder when 102066 is divided by 339.
27
What is the remainder when 1740 is divided by 869?
2
Calculate the remainder when 4726 is divided by 389.
58
Calculate the remainder when 9184 is divided by 3059.
7
What is the remainder when 1025 is divided by 729?
296
What is the remainder when 28897 is divided by 256?
225
Calculate the remainder when 34721 is divided by 11565.
26
Calculate the remainder when 38106 is divided by 19.
11
Calculate the remainder when 114 is divided by 100.
14
Calculate the remainder when 12415 is divided by 155.
15
What is the remainder when 40826 is divided by 464?
458
What is the remainder when 401 is divided by 125?
26
Calculate the remainder when 10502 is divided by 1167.
1166
Calculate the remainder when 117174 is divided by 649.
354
What is the remainder when 2822868 is divided by 10?
8
What is the remainder when 2542 is divided by 159?
157
Calculate the remainder when 371 is divided by 346.
25
Calculate the remainder when 755 is divided by 262.
231
Calculate the remainder when 14696 is divided by 4872.
80
What is the remainder when 2655 is divided by 1318?
19
Calculate the remainder when 20683 is divided by 1564.
351
What is the remainder when 122151 is divided by 324?
3
Calculate the remainder when 70968 is divided by 232.
208
What is the remainder when 418263 is divided by 194?
193
Calculate the remainder when 48216 is divided by 63.
21
What is the remainder when 151244 is divided by 198?
170
Calculate the remainder when 13366 is divided by 16.
6
What is the remainder when 3263 is divided by 302?
243
Calculate the remainder when 51503 is divided by 2095.
1223
What is the remainder when 114659 is divided by 819?
818
What is the remainder when 325174 is divided by 5?
4
Calculate the remainder when 87038 is divided by 1261.
29
What is the remainder when 663 is divided by 7?
5
What is the remainder when 3195 is divided by 124?
95
Calculate the remainder when 16065 is divided by 5334.
63
Calculate the remainder when 33569 is divided by 57.
53
What is the remainder when 2029 is divided by 809?
411
Calculate the remainder when 251793 is divided by 200.
193
What is the remainder when 357 is divided by 125?
107
What is the remainder when 17970 is divided by 2084?
1298
Calculate the remainder when 132114 is divided by 440.
114
Calculate the remainder when 55094 is divided by 55091.
3
Calculate the remainder when 22416 is divided by 423.
420
Calculate the remainder when 22187 is divided by 482.
15
Calculate the remainder when 180763 is divided by 324.
295
Calculate the remainder when 137239 is divided by 7.
4
Calculate the remainder when 3396 is divided by 206.
100
What is the remainder when 15857 is divided by 337?
18
Calculate the remainder when 1002 is divided by 363.
276
Calculate the remainder when 7601 is divided by 281.
14
What is the remainder when 4640 is divided by 798?
650
Calculate the remainder when 32636 is divided by 11.
10
What is the remainder when 89 is divided by 65?
24
Calculate the remainder when 709 is divided by 6.
1
Calculate the remainder when 18788 is divided by 1248.
68
Calculate the remainder when 171541 is divided by 211.
209
What is the remainder when 6995 is divided by 2318?
41
Calculate the remainder when 18155 is divided by 18143.
12
Calculate the remainder when 29590 is divided by 169.
15
Calculate the remainder when 16331 is divided by 12.
11
Calculate the remainder when 76137 is divided by 141.
138
Calculate the remainder when 92758 is divided by 194.
26
Calculate the remainder when 13524 is divided by 409.
27
What is the remainder when 11090 is divided by 525?
65
What is the remainder when 8830 is divided by 219?
70
What is the remainder when 32821 is divided by 566?
559
Calculate the remainder when 3012 is divided by 109.
69
Calculate the remainder when 13401 is divided by 45.
36
Calculate the remainder when 3832041 is divided by 591.
588
Calculate the remainder when 2150 is divided by 894.
362
Calculate the remainder when 16833 is divided by 307.
255
Calculate the remainder when 26545 is divided by 148.
53
What is the remainder when 10950 is divided by 477?
456
What is the remainder when 157874 is divided by 15?
14
Calculate the remainder when 81186 is divided by 796.
790
What is the remainder when 8720 is divided by 349?
344
What is the remainder when 10506 is divided by 438?
432
Calculate the remainder when 12037 is divided by 165.
157
What is the remainder when 979 is divided by 360?
259
What is the remainder when 8486 is divided by 38?
12
Calculate the remainder when 59028 is divided by 3.
0
Calculate the remainder when 146980 is divided by 6124.
4
What is the remainder when 115277 is divided by 15?
2
Calculate the remainder when 13219 is divided by 1620.
259
Calculate the remainder when 570593 is divided by 14.
9
What is the remainder when 1581 is divided by 1581?
0
Calculate the remainder when 17479 is divided by 647.
10
What is the remainder when 3185 is divided by 1038?
71
Calculate the remainder when 16355 is divided by 1534.
1015
Calculate the remainder when 244472 is divided by 112.
88
Calculate the remainder when 1661734 is divided by 11.
8
What is the remainder when 944054 is divided by 796?
794
What is the remainder when 25402 is divided by 25380?
22
What is the remainder when 7293 is divided by 162?
3
Calculate the remainder when 76702 is divided by 15337.
17
Calculate the remainder when 40779 is divided by 415.
109
What is the remainder when 26149 is divided by 3072?
1573
Calculate the remainder when 12055 is divided by 8.
7
What is the remainder when 176061 is divided by 64?
61
What is the remainder when 53928 is divided by 674?
8
Calculate the remainder when 7875 is divided by 39.
36
What is the remainder when 279 is divided by 126?
27
Calculate the remainder when 3286 is divided by 24.
22
Calculate the remainder when 16023 is divided by 171.
120
What is the remainder when 98036 is divided by 12?
8
What is the remainder when 210797 is divided by 40?
37
What is the remainder when 18274 is divided by 110?
14
What is the remainder when 16024 is divided by 197?
67
What is the remainder when 58078 is divided by 952?
6
What is the remainder when 114462 is divided by 187?
18
Calculate the remainder when 90929 is divided by 83.
44
Calculate the remainder when 5539 is divided by 21.
16
Calculate the remainder when 33260 is divided by 231.
227
Calculate the remainder when 1290 is divided by 754.
536
Calculate the remainder when 150165 is divided by 350.
15
What is the remainder when 2174 is divided by 257?
118
What is the remainder when 203150 is divided by 14509?
24
Calculate the remainder when 39218 is divided by 1